6). Let y = o - w. List the prime factors of y.
2
What are the prime factors of 624/780 - (-101326)/5?
2, 10133
Let j(y) = 5*y**2 + 8*y + 4. Let p(x) = 3*x + 22. Let r(n) = 1. Let l(k) = p(k) - 6*r(k). Let a be l(-7). List the prime factors of j(a).
89
Suppose 0 = -m - j + 25812, -103200 = -4*m - 12*j + 14*j. List the prime factors of m.
2, 6451
Let x(g) be the third derivative of -g**5/60 - 7*g**4/4 - 4*g**3/3 + 24*g**2. List the prime factors of x(-35).
3, 79
Let v = -40 + 38. Let q be (v - 256*1)*(-2)/6. Suppose q = -3*r + 2*u + 416, 4*u = 0. What are the prime factors of r?
2, 5, 11
Let q(z) = 6*z**2 - 472*z + 1. List the prime factors of q(82).
3, 547
Let g = 14044 + -4807. What are the prime factors of g?
3, 3079
Suppose r = 15*r - 29050. What are the prime factors of r?
5, 83
Let s be ((-1)/3)/(1/(-12)). Suppose -t + 4*q = 4, 2*t = -t - s*q + 36. Suppose t*r - 320 = 408. List the prime factors of r.
7, 13
Let z(g) = -g**3 - 5*g**2 - 3*g + 4. Let i be z(-4). Let f be (-14)/28*i/(-4 + 1). What are the prime factors of (3 - 4) + (f - (-1 + -317))?
317
Let x be 70/9 + (-14)/(-63). Suppose -x*n - 100 = 44. List the prime factors of ((-6)/n)/(3/585).
5, 13
Let q be (-3 - 1) + 17 + -9. Suppose q*u - 56 = 2*d + 2*d, 0 = 4*d + 4. Suppose 0 = u*w - 9*w - 204. List the prime factors of w.
3, 17
Let h(n) = 2*n**2 - 46*n - 22. Let p be h(28). What are the prime factors of 4*9/(27/p)?
2, 43
Let n = -921 + 919. List the prime factors of (-4)/n + (211 + 6 - -1).
2, 5, 11
Let f(b) = -b**2 - 5*b + 3. Let k be f(-6). Let i be 20 - (3 + k - 2). What are the prime factors of (1/1)/2*i?
11
Let g(j) = -j**3 - 7*j**2 + 3*j + 18. Suppose 22 = -r + 33. Suppose -r*u = 25 + 63. List the prime factors of g(u).
2, 29
Suppose -4*s = -3*s + 5*t - 12, 2*s = 2*t. Suppose s*v = -5*z + 1192, -4*v - 3*z + 2988 = 576. List the prime factors of v.
2, 3, 101
Let j(t) = 5*t**2 - 2*t - 2. Let p be j(4). Let g = p + -57. Suppose -19 = -2*c + x, -2*c + 2*x = -x - g. What are the prime factors of c?
11
Suppose -5 = 4*i - 1. Let j be i/(((-5)/(-2))/5). What are the prime factors of (-2)/j + 4 + -1?
2
Let v be (2 - (3 + 2)) + 3104/8. Let a = v + -261. Suppose 5*q + 5*p - a - 46 = 0, 0 = -4*q - 5*p + 140. What are the prime factors of q?
2, 3, 5
Suppose 3*t = -v + 199, 5*t - 3*v - 268 - 45 = 0. Suppose 31 = -2*k - t. Let b = k - -72. List the prime factors of b.
2, 3
Suppose 1222*g + 529870 = 1244*g. What are the prime factors of g?
5, 4817
Let i = -478 + 1022. Suppose -3*n - 15 = 2*n. What are the prime factors of n/(-2)*i/48?
17
Let a be (-1)/((-18)/(-4)) - (-38)/9. Let d(x) = 89*x**2 - 24*x + 95. What are the prime factors of d(a)?
1423
Let j(z) be the first derivative of 3*z**4/4 - 16*z**3/3 - z**2/2 + 7*z + 13. Let b(r) = r**3 - 1. Let h(d) = -4*b(d) + j(d). List the prime factors of h(-16).
3
Let b(j) = -j - 1. Let t(f) = 25*f + 44. Let r(s) = -6*b(s) + t(s). List the prime factors of r(4).
2, 3, 29
Let w be 3/9*1*(12 - 6). Suppose -w*n - 4 = 158. Let k = n - -143. List the prime factors of k.
2, 31
Suppose 242090 + 12298 = 23*o + 6*o. What are the prime factors of o?
2, 3, 17, 43
Suppose -3*a = 31 + 86. Let v = a + 52. Suppose -5*i + 7 + v = 0. What are the prime factors of i?
2
Let w = -1 + 5. Suppose 5*s + w*t = 2684, -1071 = -2*s + 3*t - 2*t. Suppose r = -5*j - r + s, 0 = -4*j - 4*r + 436. What are the prime factors of j?
2, 53
Suppose -124*y = -t - 123*y + 65394, -196245 = -3*t - 4*y. What are the prime factors of t?
3, 13, 43
Suppose 10159*j = 10138*j + 692790. List the prime factors of j.
2, 5, 3299
Suppose 7*h = 12*h - 50. Suppose h*d = 27 + 13. Suppose -48 = 3*y + 2*l - 198, -144 = -3*y - d*l. What are the prime factors of y?
2, 13
Let b = 404 + -235. Let z = 830 - b. What are the prime factors of z?
661
Let g be -2 + 28/12 + 17/3. Suppose -g*z = -2*z - 32. Suppose 2*f + 4*t = 103 + 101, 4*t + z = 0. List the prime factors of f.
2, 53
Let l = 99 - 139. Let o be 22/(-8) + (-30)/l + 530. What are the prime factors of o/30 - 9/15?
17
Suppose -143*n - n = -1510416. List the prime factors of n.
17, 617
Let c = 27313 + -11037. What are the prime factors of c?
2, 13, 313
Let c = 49 + -50. Let b be (c - (-12)/9)/((-4)/348). Let j = 70 + b. List the prime factors of j.
41
Suppose -14*n + 282 - 366 = 0. What are the prime factors of ((34920/(-3))/n - 1) + -5?
2, 967
Suppose 5*u + 5*y = -0*u + 555, 4*u + 2*y = 438. Let m = u + -102. What are the prime factors of m?
2, 3
List the prime factors of (20560/120)/((2/324)/((-4)/(-6))).
2, 3, 257
Suppose -5*d - 58 = -n, d + 9*n + 5 = 7*n. Let r = d - -399. List the prime factors of r.
2, 97
Let a(y) = -15*y - 18. Let k(m) = 3*m - 16. Let x = 68 - 66. Let d be k(x). List the prime factors of a(d).
2, 3, 11
Let r(z) = 117*z + 25. Let d be r(8). Let l = d + -632. What are the prime factors of l?
7, 47
Suppose 6*x - 9*x = 69. Let w = x - -266. List the prime factors of w.
3
Let t(o) = -471*o - 999. List the prime factors of t(-16).
3, 2179
What are the prime factors of 14*(10392/48)/((-7)/(-12))?
2, 3, 433
Let k(f) = 9*f**2 + f + 30*f**2 + 7*f**2 - 3. What are the prime factors of k(4)?
11, 67
Let j(w) = -401*w**3 + w**2 - 2*w + 2. Let d be j(1). What are the prime factors of ((-492)/(-10))/((-120)/d)?
2, 41
Suppose h + 5*g = 10211, 55 = -5*g + 60. What are the prime factors of h?
2, 3, 7
Let k = 4343 + 3475. What are the prime factors of k?
2, 3, 1303
Suppose -3*s + b - 20 = 0, -29*b + 31*b - 12 = 2*s. List the prime factors of 16/(-224)*-8116 + (-2)/s.
2, 5, 29
Let a = 4168 - -1306. List the prime factors of a.
2, 7, 17, 23
List the prime factors of 5 + (0 - (15007 + 7))/(-2).
2, 3, 313
Let f = 78942 - 42853. List the prime factors of f.
151, 239
Let b(z) = -z + 2*z - 14 - 13*z. Let a(s) = 22*s + 757. Let k be a(-35). What are the prime factors of b(k)?
2, 71
Let y = -1383 - -10925. What are the prime factors of y?
2, 13, 367
Let w = 99373 - 32753. What are the prime factors of w?
2, 5, 3331
Let j = -190 + 198. Suppose 0 = j*n + 3*n - 1265. What are the prime factors of n?
5, 23
Let v be -2*(-1)/2 + (-119)/(-17). Let b(y) = 41 + 2*y**2 - 23 + v + 12*y. List the prime factors of b(-4).
2, 5
Let r(v) = -v**3 + 7*v**2 - 3*v - 13. Let w be r(6). Suppose -2*s = 2*b - b + 1, 0 = w*s + 5*b + 15. List the prime factors of 4/(-16)*s*-318.
3, 53
Let m = 16914 - 5293. List the prime factors of m.
11621
Let g = -2996 - -5439. List the prime factors of g.
7, 349
Let x(r) = 3819*r - 2753. List the prime factors of x(5).
2, 8171
Suppose -2*p = -2*c + 342, -6*c + 660 = -2*c + 4*p. Suppose 747 = 4*m - 5*v, -m + c = 3*v - 8*v. What are the prime factors of m?
193
Let m(v) = -160*v - 73. Let f be m(13). Let u = -886 - f. What are the prime factors of u?
7, 181
Suppose -5*v + 0 + 20 = 2*s, -v = -2. What are the prime factors of (-10 + s)/(6/(-1080))?
2, 3, 5
Suppose -4 - 16 = -2*g. Suppose -8*l = -g*l + 10. Suppose j = 4, 2*k - j + l*j = 22. What are the prime factors of k?
3
Let a = -35 + 45. Let k be (-12)/a*(-20)/6. Suppose -k*w = 5*j - 84, -2*w + 0*w = 3*j - 40. What are the prime factors of w?
2, 13
Let d(w) = -w**2 - 16*w - 18. Let f be d(-16). List the prime factors of 4 + f/(-3) + 509.
3, 173
Suppose -21*i = -203598 - 265290. What are the prime factors of i?
2, 2791
Let x = 2168 + -1496. What are the prime factors of x?
2, 3, 7
Let c = -8594 + 16896. What are the prime factors of c?
2, 7, 593
Let a(p) = 6*p**2 + 10*p + 11. Let k be a(6). Let j = k - -113. Suppose 0 = -3*z - 12, 4*z = 4*h + 6*z - j. List the prime factors of h.
2, 3, 17
Let m(v) = 28*v + 3282. What are the prime factors of m(114)?
2, 3, 13, 83
Let w be 1 + (-3 - 1) - -16. Suppose -w = 3*g - 61. Let f(h) = -h**2 + 26*h - 34. What are the prime factors of f(g)?
2, 3, 7
Let q = -8430 + 15590. Suppose 23*n - q = 15*n. What are the prime factors of n?
5, 179
Suppose -5*d + 510 = -3*p, -5*d + 171 = 2*p - 364. Let l = -101 + d. Suppose 660 = l*w + 6*q - q, -4*q - 784 = -5*w. List the prime factors of w.
2, 5
Suppose 34*d - 39*d - 40 = 0. Let w(h) = h**2 + 7*h - 4. Let o be w(d). Suppose -o*u + 3*i - 124 + 607 = 0, -376 = -3*u + 5*i. List the prime factors of u.
3, 13
Suppose 120*q - 551190 = 1232970. What are the prime factors of q?
2, 3, 7, 59
Let n = 20642 + -12214. List the prime fac